{"id":13,"date":"2024-12-20T15:26:11","date_gmt":"2024-12-20T15:26:11","guid":{"rendered":"https:\/\/desarrollossostenibles.com\/?page_id=13"},"modified":"2024-12-20T21:05:45","modified_gmt":"2024-12-20T21:05:45","slug":"bonos-de-vivienda","status":"publish","type":"page","link":"https:\/\/desarrollossostenibles.com\/?page_id=13","title":{"rendered":"Bonos de Vivienda"},"content":{"rendered":"<div id=\"p_p_id_56_INSTANCE_sPWVuaQwZxlp_\" class=\"portlet-boundary portlet-boundary_56_ portlet-static portlet-static-end portlet-borderless portlet-journal-content \">\n<div class=\"portlet-borderless-container\">\n<div class=\"portlet-body\">\n<div class=\"journal-content-article\">\n<section class=\"col-xs-12 generalPageContainer\">\n<div class=\"col-xs-12 textGeneralPageContainer \">\n<div class=\"col-xs-12 fixPadding\">\n<h2 class=\"titleFrequentQuestion\">\u00bfQui\u00e9n puede optar por el Bono?<\/h2>\n<\/div>\n<div class=\"col-xs-12 fixPadding generalTextContainer\">\n<div class=\"col-xs-12 fixPadding\">\n<p>La Ley exige como m\u00ednimo el cumplimiento de siete condiciones b\u00e1sicas para que una familia pueda obtener un Bono de Vivienda.<\/p>\n<ul>\n<li>Formar parte de un\u00a0<strong>n\u00facleo familiar<\/strong>\u00a0que vive bajo un mismo techo y comparten las obligaciones del hogar. Debe existir al menos una persona mayor de edad.<\/li>\n<li><strong>No tener casa propia<\/strong>\u00a0o m\u00e1s de una propiedad. De contar con lote, puede solicitar el Bono para construir la vivienda en el lote propio y si tiene casa, pero requiere reparaciones o mejoras, puede solicitar el Bono RAMT para este fin.<\/li>\n<li><strong>No haber recibido<\/strong>\u00a0con anterioridad el Bono, pues se otorga solo una vez.<\/li>\n<li>Tener un<strong>\u00a0ingreso familiar<\/strong>\u00a0menor a<strong>\u00a0\u00a21.615.932.00<\/strong>\u00a0al d\u00eda de hoy. Este monto se refiere a la suma de los salarios\u00a0<u><strong>brutos<\/strong><\/u> (sin rebajos) de los que trabajan en la familia. Este monto ser\u00e1 indicado por el<\/li>\n<li><strong>Ser costarricense<\/strong>\u00a0o contar con residencia legalizada en el pa\u00eds.<\/li>\n<li>Realizar\u00a0<strong>los tr\u00e1mites<\/strong> en nuestras oficinas.<\/li>\n<li>Presentar\u00a0<strong>todos los documentos<\/strong>\u00a0que se requieren seg\u00fan el prop\u00f3sito que tenga el Bono de Vivienda que se solicita.<\/li>\n<\/ul>\n<\/div>\n<\/div>\n<\/div>\n<\/section>\n<\/div>\n<\/div>\n<\/div>\n<\/div>\n<div id=\"p_p_id_56_INSTANCE_f8FVHJxw16AF_\" class=\"portlet-boundary portlet-boundary_56_ portlet-static portlet-static-end portlet-borderless portlet-journal-content \">\n<div class=\"portlet-borderless-container\">\n<div class=\"portlet-body\">\n<div class=\"journal-content-article\">\n<section class=\"col-xs-12 generalPageContainer\">\n<div class=\"col-xs-12 textGeneralPageContainer \">\n<div class=\"col-xs-12 fixPadding\">\n<h2>Tramite su bono con NOSOTROS<\/h2>\n<\/div>\n<div class=\"col-xs-12 fixPadding generalTextContainer\">\n<div class=\"col-xs-12 fixPadding\">\n<p>Para tramitar su bono el primer paso es presentarse en la Plataforma de Servicios en nuestras oficinas, para una entrevista de pre calificaci\u00f3n, luego le indicar\u00e1n los requisitos, el bono se otorga por n\u00facleo familiar, en esta etapa no es necesario presentar ning\u00fan requisito.<\/p>\n<p>Si desea acceder al bono, pero en su familia anteriormente han recibido este beneficio, debe realizar un tr\u00e1mite de exclusi\u00f3n en caso de aparecer todav\u00eda como beneficiario.<\/p>\n<p><strong>\u00bfC\u00f3mo me puedo excluir del n\u00facleo familiar?<\/strong><\/p>\n<ul>\n<li>Presentar la solicitud \u00fanicamente en la entidad autorizada en donde se le otorg\u00f3 el bono<\/li>\n<li>Presentar original y copia de los requisitos; consultar p\u00e1gina<\/li>\n<li>Cancelar un monto de \u00a25.000,00 mas I.V.A. Los mismos ser\u00e1n cancelados por medio de la Plataforma de servicios en el mismo acto en que se recibe la solicitud para tr\u00e1mite.<\/li>\n<\/ul>\n<p><strong>Im\u00e1genes de algunos proyectos de Bonos de Vivienda realizados por nosotros:<\/strong><\/p>\n<\/div>\n<div id='gallery-1' class='gallery galleryid-13 gallery-columns-5 gallery-size-thumbnail'><figure class='gallery-item'>\n\t\t\t<div class='gallery-icon landscape'>\n\t\t\t\t<a href='https:\/\/desarrollossostenibles.com\/wp-content\/uploads\/2024\/12\/Bonos-de-vivienda-en-Guapiles-pococi-limon-costa-rica-1.jpg'><img loading=\"lazy\" decoding=\"async\" width=\"150\" height=\"150\" src=\"https:\/\/desarrollossostenibles.com\/wp-content\/uploads\/2024\/12\/Bonos-de-vivienda-en-Guapiles-pococi-limon-costa-rica-1-150x150.jpg\" class=\"attachment-thumbnail size-thumbnail\" alt=\"\" \/><\/a>\n\t\t\t<\/div><\/figure><figure class='gallery-item'>\n\t\t\t<div class='gallery-icon landscape'>\n\t\t\t\t<a href='https:\/\/desarrollossostenibles.com\/wp-content\/uploads\/2024\/12\/Bonos-de-vivienda-en-Guapiles-pococi-limon-costa-rica-2.jpg'><img loading=\"lazy\" decoding=\"async\" width=\"150\" height=\"150\" src=\"https:\/\/desarrollossostenibles.com\/wp-content\/uploads\/2024\/12\/Bonos-de-vivienda-en-Guapiles-pococi-limon-costa-rica-2-150x150.jpg\" class=\"attachment-thumbnail size-thumbnail\" alt=\"\" \/><\/a>\n\t\t\t<\/div><\/figure><figure class='gallery-item'>\n\t\t\t<div class='gallery-icon landscape'>\n\t\t\t\t<a href='https:\/\/desarrollossostenibles.com\/wp-content\/uploads\/2024\/12\/Bonos-de-vivienda-en-Guapiles-pococi-limon-costa-rica-3.jpg'><img loading=\"lazy\" decoding=\"async\" width=\"150\" height=\"150\" src=\"https:\/\/desarrollossostenibles.com\/wp-content\/uploads\/2024\/12\/Bonos-de-vivienda-en-Guapiles-pococi-limon-costa-rica-3-150x150.jpg\" class=\"attachment-thumbnail size-thumbnail\" alt=\"\" \/><\/a>\n\t\t\t<\/div><\/figure><figure class='gallery-item'>\n\t\t\t<div class='gallery-icon landscape'>\n\t\t\t\t<a href='https:\/\/desarrollossostenibles.com\/wp-content\/uploads\/2024\/12\/Bonos-de-vivienda-en-Guapiles-pococi-limon-costa-rica-4.jpg'><img loading=\"lazy\" decoding=\"async\" width=\"150\" height=\"150\" src=\"https:\/\/desarrollossostenibles.com\/wp-content\/uploads\/2024\/12\/Bonos-de-vivienda-en-Guapiles-pococi-limon-costa-rica-4-150x150.jpg\" class=\"attachment-thumbnail size-thumbnail\" alt=\"\" \/><\/a>\n\t\t\t<\/div><\/figure><figure class='gallery-item'>\n\t\t\t<div class='gallery-icon landscape'>\n\t\t\t\t<a href='https:\/\/desarrollossostenibles.com\/wp-content\/uploads\/2024\/12\/Bonos-de-vivienda-en-Guapiles-pococi-limon-costa-rica-5.jpg'><img loading=\"lazy\" decoding=\"async\" width=\"150\" height=\"150\" src=\"https:\/\/desarrollossostenibles.com\/wp-content\/uploads\/2024\/12\/Bonos-de-vivienda-en-Guapiles-pococi-limon-costa-rica-5-150x150.jpg\" class=\"attachment-thumbnail size-thumbnail\" alt=\"\" \/><\/a>\n\t\t\t<\/div><\/figure><figure class='gallery-item'>\n\t\t\t<div class='gallery-icon landscape'>\n\t\t\t\t<a href='https:\/\/desarrollossostenibles.com\/wp-content\/uploads\/2024\/12\/Bonos-de-vivienda-en-Guapiles-pococi-limon-costa-rica-6.jpg'><img loading=\"lazy\" decoding=\"async\" width=\"150\" height=\"150\" src=\"https:\/\/desarrollossostenibles.com\/wp-content\/uploads\/2024\/12\/Bonos-de-vivienda-en-Guapiles-pococi-limon-costa-rica-6-150x150.jpg\" class=\"attachment-thumbnail size-thumbnail\" alt=\"\" \/><\/a>\n\t\t\t<\/div><\/figure><figure class='gallery-item'>\n\t\t\t<div class='gallery-icon landscape'>\n\t\t\t\t<a href='https:\/\/desarrollossostenibles.com\/wp-content\/uploads\/2024\/12\/Bonos-de-vivienda-en-Guapiles-pococi-limon-costa-rica-7.jpg'><img loading=\"lazy\" decoding=\"async\" width=\"150\" height=\"150\" src=\"https:\/\/desarrollossostenibles.com\/wp-content\/uploads\/2024\/12\/Bonos-de-vivienda-en-Guapiles-pococi-limon-costa-rica-7-150x150.jpg\" class=\"attachment-thumbnail size-thumbnail\" alt=\"\" \/><\/a>\n\t\t\t<\/div><\/figure><figure class='gallery-item'>\n\t\t\t<div class='gallery-icon landscape'>\n\t\t\t\t<a href='https:\/\/desarrollossostenibles.com\/wp-content\/uploads\/2024\/12\/Bonos-de-vivienda-en-Guapiles-pococi-limon-costa-rica-8.jpg'><img loading=\"lazy\" decoding=\"async\" width=\"150\" height=\"150\" src=\"https:\/\/desarrollossostenibles.com\/wp-content\/uploads\/2024\/12\/Bonos-de-vivienda-en-Guapiles-pococi-limon-costa-rica-8-150x150.jpg\" class=\"attachment-thumbnail size-thumbnail\" alt=\"\" \/><\/a>\n\t\t\t<\/div><\/figure><figure class='gallery-item'>\n\t\t\t<div class='gallery-icon landscape'>\n\t\t\t\t<a href='https:\/\/desarrollossostenibles.com\/wp-content\/uploads\/2024\/12\/Bonos-de-vivienda-en-Guapiles-pococi-limon-costa-rica-9.jpg'><img loading=\"lazy\" decoding=\"async\" width=\"150\" height=\"150\" src=\"https:\/\/desarrollossostenibles.com\/wp-content\/uploads\/2024\/12\/Bonos-de-vivienda-en-Guapiles-pococi-limon-costa-rica-9-150x150.jpg\" class=\"attachment-thumbnail size-thumbnail\" alt=\"\" \/><\/a>\n\t\t\t<\/div><\/figure>\n\t\t<\/div>\n\n<\/div>\n<\/div>\n<\/section>\n<\/div>\n<\/div>\n<\/div>\n<\/div>\n","protected":false},"excerpt":{"rendered":"<p>\u00bfQui\u00e9n puede optar por el Bono? La Ley exige como m\u00ednimo el cumplimiento de siete condiciones b\u00e1sicas para que una familia pueda obtener un Bono de Vivienda. Formar parte de un\u00a0n\u00facleo familiar\u00a0que vive bajo un mismo techo y comparten las obligaciones del hogar. Debe existir al menos una persona mayor de edad. No tener casa [&hellip;]<\/p>\n","protected":false},"author":1,"featured_media":0,"parent":0,"menu_order":0,"comment_status":"closed","ping_status":"closed","template":"","meta":{"footnotes":""},"class_list":["post-13","page","type-page","status-publish","hentry"],"_links":{"self":[{"href":"https:\/\/desarrollossostenibles.com\/index.php?rest_route=\/wp\/v2\/pages\/13","targetHints":{"allow":["GET"]}}],"collection":[{"href":"https:\/\/desarrollossostenibles.com\/index.php?rest_route=\/wp\/v2\/pages"}],"about":[{"href":"https:\/\/desarrollossostenibles.com\/index.php?rest_route=\/wp\/v2\/types\/page"}],"author":[{"embeddable":true,"href":"https:\/\/desarrollossostenibles.com\/index.php?rest_route=\/wp\/v2\/users\/1"}],"replies":[{"embeddable":true,"href":"https:\/\/desarrollossostenibles.com\/index.php?rest_route=%2Fwp%2Fv2%2Fcomments&post=13"}],"version-history":[{"count":12,"href":"https:\/\/desarrollossostenibles.com\/index.php?rest_route=\/wp\/v2\/pages\/13\/revisions"}],"predecessor-version":[{"id":138,"href":"https:\/\/desarrollossostenibles.com\/index.php?rest_route=\/wp\/v2\/pages\/13\/revisions\/138"}],"wp:attachment":[{"href":"https:\/\/desarrollossostenibles.com\/index.php?rest_route=%2Fwp%2Fv2%2Fmedia&parent=13"}],"curies":[{"name":"wp","href":"https:\/\/api.w.org\/{rel}","templated":true}]}}